{"id":3162,"date":"2023-09-06T16:39:24","date_gmt":"2023-09-06T19:39:24","guid":{"rendered":"https:\/\/site.veracruz.edu.br\/zumzum\/?post_type=capitulos&#038;p=3162"},"modified":"2023-09-14T14:13:17","modified_gmt":"2023-09-14T17:13:17","slug":"ir-a-africa-me-ajudou-a-desconstruir-visao-encantada-sobre-o-continente","status":"publish","type":"capitulos","link":"https:\/\/site.veracruz.edu.br\/zumzum\/capitulos\/ir-a-africa-me-ajudou-a-desconstruir-visao-encantada-sobre-o-continente\/","title":{"rendered":"Sheila Perina | \u201cIr \u00e0 \u00c1frica me ajudou a desconstruir vis\u00e3o encantada sobre o continente\u201d"},"content":{"rendered":"\n<p><em>Por Rodrigo Ratier, com edi\u00e7\u00e3o de som de Renan Lima<\/em><\/p>\n\n\n\n<p>Vamos falar de \u00c1frica e africanidades. Vamos combinar que a gente ainda conhece muito mal esse continente fundamental para a constitui\u00e7\u00e3o do nosso Brasil. Para come\u00e7o de conversa, n\u00e3o d\u00e1 para falar em \u201cuma\u201d \u00c1frica. Por onde quer que se olhe, da geografia \u00e0 hist\u00f3ria, da cultura \u00e0 linguagem, a multiplicidade e a diversidade s\u00e3o as marcas do lugar que \u00e9 o ber\u00e7o da humanidade \u2014 \u00e9 no entanto ainda \u00e9 visto de forma t\u00e3o simplificada, pelas lentes do preconceito. O racismo, \u00e9 claro, tem tudo a ver com essa vis\u00e3o rasa e estereotipada.<\/p>\n\n\n\n<p>Para propor um outro olhar a gente n\u00e3o precisou ir longe. Olhamos aqui mesmo para o Vera e encontramos uma professora. Ela, sim, foi muito longe. Sheila Perina \u00e9 pedagoga e escritora, formada pela Universidade de S\u00e3o Paulo com gradua\u00e7\u00e3o sandu\u00edche na Universidade Lueji A\u2019konde (Angola) e interc\u00e2mbio na Universidade Pedag\u00f3gica de Mo\u00e7ambique. Em sua p\u00f3s-gradua\u00e7\u00e3o, tanto no mestrado quanto no doutorado, Sheila tem se dedicado a investigar as quest\u00f5es da linguagem e ensino no Brasil, Angola e Mo\u00e7ambique. Quando o podcast foi gravado, em agosto de 2023, Sheila tinha acabado de voltar de Mo\u00e7ambique, para mais um per\u00edodo de pesquisa. Agora, j\u00e1 est\u00e1 a todo vapor nas salas de aula do Vera.<\/p>\n\n\n\n<p>No podcast, Sheila conta:<\/p>\n\n\n\n<ul class=\"wp-block-list\">\n<li>Quais estere\u00f3tipos ou preconceitos ca\u00edram por terra com suas viv\u00eancias em Angola e Mo\u00e7ambique?<\/li>\n\n\n\n<li>Existe racismo em sociedades predominantemente negras como Angola e Mo\u00e7ambique?<\/li>\n\n\n\n<li>Brasil, Angola e Mo\u00e7ambique s\u00e3o pa\u00edses lus\u00f3fonos. Como \u00e9 o ensino da l\u00edngua portuguesa nesses pa\u00edses?&nbsp;<\/li>\n\n\n\n<li>A heran\u00e7a lingu\u00edstica africana no nosso portugu\u00eas brasileiro ainda \u00e9 invisibilizada?<\/li>\n\n\n\n<li>Quanto ao projeto de educa\u00e7\u00e3o antirracista do Vera: no que a escola avan\u00e7ou? Onde ainda \u00e9 preciso ir mais longe?<\/li>\n<\/ul>\n\n\n\n<div style=\"height:20px\" aria-hidden=\"true\" class=\"wp-block-spacer\"><\/div>\n\n\n\t\t<div data-elementor-type=\"section\" data-elementor-id=\"3163\" class=\"elementor elementor-3163\" data-elementor-post-type=\"elementor_library\">\n\t\t\t\t\t<section class=\"elementor-section elementor-top-section elementor-element elementor-element-e53e46b elementor-section-content-middle elementor-section-boxed elementor-section-height-default elementor-section-height-default\" data-id=\"e53e46b\" data-element_type=\"section\" data-e-type=\"section\">\n\t\t\t\t\t\t<div class=\"elementor-container elementor-column-gap-default\">\n\t\t\t\t\t<div class=\"elementor-column elementor-col-50 elementor-top-column elementor-element elementor-element-e9a10e4\" data-id=\"e9a10e4\" data-element_type=\"column\" data-e-type=\"column\">\n\t\t\t<div class=\"elementor-widget-wrap elementor-element-populated\">\n\t\t\t\t\t\t<div class=\"elementor-element elementor-element-7a88c47 elementor-widget elementor-widget-image\" data-id=\"7a88c47\" data-element_type=\"widget\" data-e-type=\"widget\" data-widget_type=\"image.default\">\n\t\t\t\t<div class=\"elementor-widget-container\">\n\t\t\t\t\t\t\t\t\t\t\t\t\t\t\t<img decoding=\"async\" width=\"72\" height=\"72\" src=\"https:\/\/site.veracruz.edu.br\/zumzum\/wp-content\/uploads\/2022\/03\/microfone4-5.svg\" class=\"attachment-large size-large wp-image-853\" alt=\"\" \/>\t\t\t\t\t\t\t\t\t\t\t\t\t\t\t<\/div>\n\t\t\t\t<\/div>\n\t\t\t\t\t<\/div>\n\t\t<\/div>\n\t\t\t\t<div class=\"elementor-column elementor-col-50 elementor-top-column elementor-element elementor-element-2579488\" data-id=\"2579488\" data-element_type=\"column\" data-e-type=\"column\">\n\t\t\t<div class=\"elementor-widget-wrap elementor-element-populated\">\n\t\t\t\t\t\t<div class=\"elementor-element elementor-element-0a40dfd elementor-widget elementor-widget-heading\" data-id=\"0a40dfd\" data-element_type=\"widget\" data-e-type=\"widget\" data-widget_type=\"heading.default\">\n\t\t\t\t<div class=\"elementor-widget-container\">\n\t\t\t\t\t<h2 class=\"elementor-heading-title elementor-size-default\"><a href=\"https:\/\/open.spotify.com\/episode\/4N3Wz9tVVBt1VTUmwafyXM?si=SmDxfpQ2Q46zUDfl2uUJ2A\">D\u00ea o play, confira e deixe sua opini\u00e3o nos coment\u00e1rios!<\/a><\/h2>\t\t\t\t<\/div>\n\t\t\t\t<\/div>\n\t\t\t\t\t<\/div>\n\t\t<\/div>\n\t\t\t\t\t<\/div>\n\t\t<\/section>\n\t\t\t\t<\/div>\n\t\t\n\n\n\n<div style=\"height:50px\" aria-hidden=\"true\" class=\"wp-block-spacer\"><\/div>\n\n\n\t\t<div data-elementor-type=\"section\" data-elementor-id=\"3099\" class=\"elementor elementor-3099\" data-elementor-post-type=\"elementor_library\">\n\t\t\t<div class=\"elementor-element elementor-element-946e44b e-flex e-con-boxed e-con e-parent\" data-id=\"946e44b\" data-element_type=\"container\" data-e-type=\"container\">\n\t\t\t\t\t<div class=\"e-con-inner\">\n\t\t\t\t\t<\/div>\n\t\t\t\t<\/div>\n\t\t\t\t<\/div>\n\t\t\n","protected":false},"featured_media":0,"comment_status":"open","ping_status":"closed","template":"","tags":[24],"edicao":[46],"class_list":["post-3162","capitulos","type-capitulos","status-publish","hentry","tag-entrevista","edicao-edicao-4"],"acf":[],"_links":{"self":[{"href":"https:\/\/site.veracruz.edu.br\/zumzum\/wp-json\/wp\/v2\/capitulos\/3162","targetHints":{"allow":["GET"]}}],"collection":[{"href":"https:\/\/site.veracruz.edu.br\/zumzum\/wp-json\/wp\/v2\/capitulos"}],"about":[{"href":"https:\/\/site.veracruz.edu.br\/zumzum\/wp-json\/wp\/v2\/types\/capitulos"}],"replies":[{"embeddable":true,"href":"https:\/\/site.veracruz.edu.br\/zumzum\/wp-json\/wp\/v2\/comments?post=3162"}],"version-history":[{"count":5,"href":"https:\/\/site.veracruz.edu.br\/zumzum\/wp-json\/wp\/v2\/capitulos\/3162\/revisions"}],"predecessor-version":[{"id":3197,"href":"https:\/\/site.veracruz.edu.br\/zumzum\/wp-json\/wp\/v2\/capitulos\/3162\/revisions\/3197"}],"wp:attachment":[{"href":"https:\/\/site.veracruz.edu.br\/zumzum\/wp-json\/wp\/v2\/media?parent=3162"}],"wp:term":[{"taxonomy":"post_tag","embeddable":true,"href":"https:\/\/site.veracruz.edu.br\/zumzum\/wp-json\/wp\/v2\/tags?post=3162"},{"taxonomy":"edicao","embeddable":true,"href":"https:\/\/site.veracruz.edu.br\/zumzum\/wp-json\/wp\/v2\/edicao?post=3162"}],"curies":[{"name":"wp","href":"https:\/\/api.w.org\/{rel}","templated":true}]}}

Sheila Perina | “Ir à África me ajudou a desconstruir visão encantada sobre o continente”

<p><em>Por Rodrigo Ratier, com edição de som de Renan Lima</em></p>



<p>Vamos falar de África e africanidades. Vamos combinar que a gente ainda conhece muito mal esse continente fundamental para a constituição do nosso Brasil. Para começo de conversa, não dá para falar em “uma” África. Por onde quer que se olhe, da geografia à história, da cultura à linguagem, a multiplicidade e a diversidade são as marcas do lugar que é o berço da humanidade — é no entanto ainda é visto de forma tão simplificada, pelas lentes do preconceito. O racismo, é claro, tem tudo a ver com essa visão rasa e estereotipada.</p>



<p>Para propor um outro olhar a gente não precisou ir longe. Olhamos aqui mesmo para o Vera e encontramos uma professora. Ela, sim, foi muito longe. Sheila Perina é pedagoga e escritora, formada pela Universidade de São Paulo com graduação sanduíche na Universidade Lueji A’konde (Angola) e intercâmbio na Universidade Pedagógica de Moçambique. Em sua pós-graduação, tanto no mestrado quanto no doutorado, Sheila tem se dedicado a investigar as questões da linguagem e ensino no Brasil, Angola e Moçambique. Quando o podcast foi gravado, em agosto de 2023, Sheila tinha acabado de voltar de Moçambique, para mais um período de pesquisa. Agora, já está a todo vapor nas salas de aula do Vera.</p>



<p>No podcast, Sheila conta:</p>



<ul class="wp-block-list">
<li>Quais estereótipos ou preconceitos caíram por terra com suas vivências em Angola e Moçambique?</li>



<li>Existe racismo em sociedades predominantemente negras como Angola e Moçambique?</li>



<li>Brasil, Angola e Moçambique são países lusófonos. Como é o ensino da língua portuguesa nesses países?&nbsp;</li>



<li>A herança linguística africana no nosso português brasileiro ainda é invisibilizada?</li>



<li>Quanto ao projeto de educação antirracista do Vera: no que a escola avançou? Onde ainda é preciso ir mais longe?</li>
</ul>



<div style="height:20px" aria-hidden="true" class="wp-block-spacer"></div>


		<div data-elementor-type="section" data-elementor-id="3163" class="elementor elementor-3163" data-elementor-post-type="elementor_library">
					<section class="elementor-section elementor-top-section elementor-element elementor-element-e53e46b elementor-section-content-middle elementor-section-boxed elementor-section-height-default elementor-section-height-default" data-id="e53e46b" data-element_type="section" data-e-type="section">
						<div class="elementor-container elementor-column-gap-default">
					<div class="elementor-column elementor-col-50 elementor-top-column elementor-element elementor-element-e9a10e4" data-id="e9a10e4" data-element_type="column" data-e-type="column">
			<div class="elementor-widget-wrap elementor-element-populated">
						<div class="elementor-element elementor-element-7a88c47 elementor-widget elementor-widget-image" data-id="7a88c47" data-element_type="widget" data-e-type="widget" data-widget_type="image.default">
				<div class="elementor-widget-container">
															<img decoding="async" width="72" height="72" src="https://site.veracruz.edu.br/zumzum/wp-content/uploads/2022/03/microfone4-5.svg" class="attachment-large size-large wp-image-853" alt="" />															</div>
				</div>
					</div>
		</div>
				<div class="elementor-column elementor-col-50 elementor-top-column elementor-element elementor-element-2579488" data-id="2579488" data-element_type="column" data-e-type="column">
			<div class="elementor-widget-wrap elementor-element-populated">
						<div class="elementor-element elementor-element-0a40dfd elementor-widget elementor-widget-heading" data-id="0a40dfd" data-element_type="widget" data-e-type="widget" data-widget_type="heading.default">
				<div class="elementor-widget-container">
					<h2 class="elementor-heading-title elementor-size-default"><a href="https://open.spotify.com/episode/4N3Wz9tVVBt1VTUmwafyXM?si=SmDxfpQ2Q46zUDfl2uUJ2A">Dê o play, confira e deixe sua opinião nos comentários!</a></h2>				</div>
				</div>
					</div>
		</div>
					</div>
		</section>
				</div>
		



<div style="height:50px" aria-hidden="true" class="wp-block-spacer"></div>


		<div data-elementor-type="section" data-elementor-id="3099" class="elementor elementor-3099" data-elementor-post-type="elementor_library">
			<div class="elementor-element elementor-element-946e44b e-flex e-con-boxed e-con e-parent" data-id="946e44b" data-element_type="container" data-e-type="container">
					<div class="e-con-inner">
					</div>
				</div>
				</div>
