{"id":470,"date":"2021-01-26T14:24:43","date_gmt":"2021-01-26T16:24:43","guid":{"rendered":"https:\/\/site.veracruz.edu.br\/protocolos-retorno\/?page_id=470"},"modified":"2022-02-16T11:34:52","modified_gmt":"2022-02-16T14:34:52","slug":"pagina-inicial","status":"publish","type":"page","link":"https:\/\/site.veracruz.edu.br\/protocolos-retorno\/","title":{"rendered":"P\u00e1gina Inicial"},"content":{"rendered":"\t\t<div data-elementor-type=\"wp-page\" data-elementor-id=\"470\" class=\"elementor elementor-470\" data-elementor-post-type=\"page\">\n\t\t\t\t\t\t\t\t\t<section class=\"elementor-section elementor-top-section elementor-element elementor-element-b035564 elementor-section-boxed elementor-section-height-default elementor-section-height-default\" data-id=\"b035564\" data-element_type=\"section\">\n\t\t\t\t\t\t<div class=\"elementor-container elementor-column-gap-default\">\n\t\t\t\t\t<div class=\"elementor-column elementor-col-33 elementor-top-column elementor-element elementor-element-0bad711\" data-id=\"0bad711\" data-element_type=\"column\">\n\t\t\t<div class=\"elementor-widget-wrap elementor-element-populated\">\n\t\t\t\t\t\t\t\t<div class=\"elementor-element elementor-element-d563a83 elementor-widget elementor-widget-image\" data-id=\"d563a83\" data-element_type=\"widget\" data-widget_type=\"image.default\">\n\t\t\t\t<div class=\"elementor-widget-container\">\n\t\t\t\t\t\t\t\t\t\t\t\t\t\t\t<img decoding=\"async\" width=\"300\" height=\"300\" src=\"https:\/\/site.veracruz.edu.br\/protocolos-retorno\/wp-content\/uploads\/2020\/08\/ilustra_home_27-8.svg\" class=\"attachment-medium size-medium wp-image-408\" alt=\"\" \/>\t\t\t\t\t\t\t\t\t\t\t\t\t\t\t<\/div>\n\t\t\t\t<\/div>\n\t\t\t\t\t<\/div>\n\t\t<\/div>\n\t\t\t\t<div class=\"elementor-column elementor-col-66 elementor-top-column elementor-element elementor-element-7523c19\" data-id=\"7523c19\" data-element_type=\"column\">\n\t\t\t<div class=\"elementor-widget-wrap elementor-element-populated\">\n\t\t\t\t\t\t\t\t<div class=\"elementor-element elementor-element-ff86453 elementor-widget elementor-widget-text-editor\" data-id=\"ff86453\" data-element_type=\"widget\" data-widget_type=\"text-editor.default\">\n\t\t\t\t<div class=\"elementor-widget-container\">\n\t\t\t\t\t\t\t<p>Este site re\u00fane a maior parte das medidas de biosseguran\u00e7a que visam reduzir, tanto quanto poss\u00edvel, o risco de cont\u00e1gio do SARS-CoV-2, o novo coronav\u00edrus &#8211; que se d\u00e1 majoritariamente pelo ar -, entre alunos, familiares e equipes da Escola Vera Cruz. Estas medidas e orienta\u00e7\u00f5es est\u00e3o fundamentadas em fontes de consulta a profissionais e institui\u00e7\u00f5es especializadas e na escuta de profissionais da Escola e fam\u00edlias, cujo comprometimento destacamos e enfaticamente agradecemos. Todos os protocolos foram pensados de forma a que se mantenha coer\u00eancia com a nossa pr\u00e1tica pedag\u00f3gica.<\/p>\t\t\t\t\t\t<\/div>\n\t\t\t\t<\/div>\n\t\t\t\t<div class=\"elementor-element elementor-element-c71e3f8 elementor-widget elementor-widget-text-editor\" data-id=\"c71e3f8\" data-element_type=\"widget\" data-widget_type=\"text-editor.default\">\n\t\t\t\t<div class=\"elementor-widget-container\">\n\t\t\t\t\t\t\t<p>O site est\u00e1 organizado em duas partes: uma \u00e1rea dedicada \u00e0s fam\u00edlias e alunos, com cuidados preventivos espec\u00edficos nos diversos ambientes no Vera; e outra \u00e1rea com protocolos que dever\u00e3o ser cumpridos pelas equipes internas e colaboradores. Todo o conte\u00fado \u00e9 atualizado sempre que se fizer necess\u00e1rio.<\/p>\t\t\t\t\t\t<\/div>\n\t\t\t\t<\/div>\n\t\t\t\t<div class=\"elementor-element elementor-element-d2a1ab7 elementor-widget elementor-widget-text-editor\" data-id=\"d2a1ab7\" data-element_type=\"widget\" data-widget_type=\"text-editor.default\">\n\t\t\t\t<div class=\"elementor-widget-container\">\n\t\t\t\t\t\t\t<p>Al\u00e9m das recomenda\u00e7\u00f5es e orienta\u00e7\u00f5es aqui reunidas, nossas equipes se prepararam com treinamentos conforme as especificidades de cada setor e de acordo com as mudan\u00e7as de rotina planejadas pela equipe pedag\u00f3gica. E nossos ambientes receberam a devida sinaliza\u00e7\u00e3o, com aten\u00e7\u00e3o \u00e0s necessidades das diversas faixas et\u00e1rias.<\/p>\t\t\t\t\t\t<\/div>\n\t\t\t\t<\/div>\n\t\t\t\t<div class=\"elementor-element elementor-element-aafb0be elementor-widget elementor-widget-text-editor\" data-id=\"aafb0be\" data-element_type=\"widget\" data-widget_type=\"text-editor.default\">\n\t\t\t\t<div class=\"elementor-widget-container\">\n\t\t\t\t\t\t\t<p>Pedimos a leitura das recomenda\u00e7\u00f5es abaixo com a m\u00e1xima aten\u00e7\u00e3o para que possamos superar, coletivamente, este momento extremamente delicado que diz respeito a todos n\u00f3s.<\/p>\t\t\t\t\t\t<\/div>\n\t\t\t\t<\/div>\n\t\t\t\t<section class=\"elementor-section elementor-inner-section elementor-element elementor-element-d5c7e76 elementor-section-boxed elementor-section-height-default elementor-section-height-default\" data-id=\"d5c7e76\" data-element_type=\"section\">\n\t\t\t\t\t\t<div class=\"elementor-container elementor-column-gap-default\">\n\t\t\t\t\t<div class=\"elementor-column elementor-col-33 elementor-inner-column elementor-element elementor-element-ba1dcfb\" data-id=\"ba1dcfb\" data-element_type=\"column\">\n\t\t\t<div class=\"elementor-widget-wrap elementor-element-populated\">\n\t\t\t\t\t\t\t\t<div class=\"elementor-element elementor-element-0fd36bf elementor-align-justify elementor-widget elementor-widget-button\" data-id=\"0fd36bf\" data-element_type=\"widget\" data-widget_type=\"button.default\">\n\t\t\t\t<div class=\"elementor-widget-container\">\n\t\t\t\t\t<div class=\"elementor-button-wrapper\">\n\t\t\t<a class=\"elementor-button elementor-button-link elementor-size-sm\" href=\"https:\/\/site.veracruz.edu.br\/protocolos-retorno\/alunos-e-suas-familias\/\">\n\t\t\t\t\t\t<span class=\"elementor-button-content-wrapper\">\n\t\t\t\t\t\t<span class=\"elementor-button-text\">Alunos e suas fam\u00edlias<\/span>\n\t\t<\/span>\n\t\t\t\t\t<\/a>\n\t\t<\/div>\n\t\t\t\t<\/div>\n\t\t\t\t<\/div>\n\t\t\t\t\t<\/div>\n\t\t<\/div>\n\t\t\t\t<div class=\"elementor-column elementor-col-33 elementor-inner-column elementor-element elementor-element-4cb2a44\" data-id=\"4cb2a44\" data-element_type=\"column\">\n\t\t\t<div class=\"elementor-widget-wrap elementor-element-populated\">\n\t\t\t\t\t\t\t\t<div class=\"elementor-element elementor-element-124d82a elementor-align-justify elementor-widget elementor-widget-button\" data-id=\"124d82a\" data-element_type=\"widget\" data-widget_type=\"button.default\">\n\t\t\t\t<div class=\"elementor-widget-container\">\n\t\t\t\t\t<div class=\"elementor-button-wrapper\">\n\t\t\t<a class=\"elementor-button elementor-button-link elementor-size-sm\" href=\"https:\/\/site.veracruz.edu.br\/protocolos-retorno\/equipes-internas\/\">\n\t\t\t\t\t\t<span class=\"elementor-button-content-wrapper\">\n\t\t\t\t\t\t<span class=\"elementor-button-text\">Equipes internas<\/span>\n\t\t<\/span>\n\t\t\t\t\t<\/a>\n\t\t<\/div>\n\t\t\t\t<\/div>\n\t\t\t\t<\/div>\n\t\t\t\t\t<\/div>\n\t\t<\/div>\n\t\t\t\t<div class=\"elementor-column elementor-col-33 elementor-inner-column elementor-element elementor-element-e1dc880\" data-id=\"e1dc880\" data-element_type=\"column\">\n\t\t\t<div class=\"elementor-widget-wrap elementor-element-populated\">\n\t\t\t\t\t\t\t\t<div class=\"elementor-element elementor-element-cad6a21 elementor-align-justify elementor-widget elementor-widget-button\" data-id=\"cad6a21\" data-element_type=\"widget\" data-widget_type=\"button.default\">\n\t\t\t\t<div class=\"elementor-widget-container\">\n\t\t\t\t\t<div class=\"elementor-button-wrapper\">\n\t\t\t<a class=\"elementor-button elementor-button-link elementor-size-sm\" href=\"#elementor-action%3Aaction%3Dpopup%3Aopen%26settings%3DeyJpZCI6IjcyNCIsInRvZ2dsZSI6ZmFsc2V9\">\n\t\t\t\t\t\t<span class=\"elementor-button-content-wrapper\">\n\t\t\t\t\t\t<span class=\"elementor-button-text\">Boletins informativos<\/span>\n\t\t<\/span>\n\t\t\t\t\t<\/a>\n\t\t<\/div>\n\t\t\t\t<\/div>\n\t\t\t\t<\/div>\n\t\t\t\t\t<\/div>\n\t\t<\/div>\n\t\t\t\t\t\t\t<\/div>\n\t\t<\/section>\n\t\t\t\t\t<\/div>\n\t\t<\/div>\n\t\t\t\t\t\t\t<\/div>\n\t\t<\/section>\n\t\t\t\t\t\t\t<\/div>\n\t\t","protected":false},"excerpt":{"rendered":"<p>Este site re\u00fane a maior parte das medidas de biosseguran\u00e7a que visam reduzir, tanto quanto poss\u00edvel, o risco de cont\u00e1gio do SARS-CoV-2, o novo coronav\u00edrus &#8211; que se d\u00e1 majoritariamente pelo ar -, entre alunos, familiares e equipes da Escola Vera Cruz. Estas medidas e orienta\u00e7\u00f5es est\u00e3o fundamentadas em fontes de consulta a profissionais e [&hellip;]<\/p>\n","protected":false},"author":1,"featured_media":0,"parent":0,"menu_order":0,"comment_status":"closed","ping_status":"closed","template":"","meta":{"inline_featured_image":false,"footnotes":""},"_links":{"self":[{"href":"https:\/\/site.veracruz.edu.br\/protocolos-retorno\/wp-json\/wp\/v2\/pages\/470"}],"collection":[{"href":"https:\/\/site.veracruz.edu.br\/protocolos-retorno\/wp-json\/wp\/v2\/pages"}],"about":[{"href":"https:\/\/site.veracruz.edu.br\/protocolos-retorno\/wp-json\/wp\/v2\/types\/page"}],"author":[{"embeddable":true,"href":"https:\/\/site.veracruz.edu.br\/protocolos-retorno\/wp-json\/wp\/v2\/users\/1"}],"replies":[{"embeddable":true,"href":"https:\/\/site.veracruz.edu.br\/protocolos-retorno\/wp-json\/wp\/v2\/comments?post=470"}],"version-history":[{"count":20,"href":"https:\/\/site.veracruz.edu.br\/protocolos-retorno\/wp-json\/wp\/v2\/pages\/470\/revisions"}],"predecessor-version":[{"id":738,"href":"https:\/\/site.veracruz.edu.br\/protocolos-retorno\/wp-json\/wp\/v2\/pages\/470\/revisions\/738"}],"wp:attachment":[{"href":"https:\/\/site.veracruz.edu.br\/protocolos-retorno\/wp-json\/wp\/v2\/media?parent=470"}],"curies":[{"name":"wp","href":"https:\/\/api.w.org\/{rel}","templated":true}]}}