{"id":285,"date":"2023-08-21T15:41:28","date_gmt":"2023-08-21T18:41:28","guid":{"rendered":"https:\/\/site.veracruz.edu.br\/graduacao-em-escrita-criativa-instituto-vera-cruz\/?post_type=professores&#038;p=285"},"modified":"2024-06-26T16:23:31","modified_gmt":"2024-06-26T19:23:31","slug":"ingrid-fagundez","status":"publish","type":"professores","link":"https:\/\/site.veracruz.edu.br\/graduacao-em-escrita-criativa-instituto-vera-cruz\/professores\/ingrid-fagundez\/","title":{"rendered":"Ingrid Fagundez"},"content":{"rendered":"\n<p>Formada em Jornalismo pela UFSC e p\u00f3s-graduada em Biografia e G\u00eaneros de N\u00e3o Fic\u00e7\u00e3o pela University of East Anglia. Foi rep\u00f3rter da Folha de S. Paulo e do servi\u00e7o brasileiro da BBC, escrevendo sobre pol\u00edtica e comportamento. Atualmente \u00e9 professora de n\u00e3o fic\u00e7\u00e3o liter\u00e1ria da p\u00f3s-gradua\u00e7\u00e3o em Forma\u00e7\u00e3o de Escritores do Instituto Vera Cruz e mentora de obras do g\u00eanero.&nbsp;<\/p>\n","protected":false},"featured_media":1663,"template":"","categories":[6],"class_list":["post-285","professores","type-professores","status-publish","has-post-thumbnail","hentry","category-professor-a"],"acf":[],"yoast_head":"<!-- This site is optimized with the Yoast SEO plugin v23.9 - https:\/\/yoast.com\/wordpress\/plugins\/seo\/ -->\n<title>Ingrid Fagundez - Escrita Criativa<\/title>\n<meta name=\"robots\" content=\"noindex, follow, max-snippet:-1, max-image-preview:large, max-video-preview:-1\" \/>\n<meta property=\"og:locale\" content=\"pt_BR\" \/>\n<meta property=\"og:type\" content=\"article\" \/>\n<meta property=\"og:title\" content=\"Ingrid Fagundez - Escrita Criativa\" \/>\n<meta property=\"og:description\" content=\"Formada em Jornalismo pela UFSC e p\u00f3s-graduada em Biografia e G\u00eaneros de N\u00e3o Fic\u00e7\u00e3o pela University of East Anglia. Foi rep\u00f3rter da Folha de S. Paulo e do servi\u00e7o brasileiro da BBC, escrevendo sobre pol\u00edtica e comportamento. Atualmente \u00e9 professora de n\u00e3o fic\u00e7\u00e3o liter\u00e1ria da p\u00f3s-gradua\u00e7\u00e3o em Forma\u00e7\u00e3o de Escritores do Instituto Vera Cruz e [&hellip;]\" \/>\n<meta property=\"og:url\" content=\"https:\/\/site.veracruz.edu.br\/graduacao-em-escrita-criativa-instituto-vera-cruz\/professores\/ingrid-fagundez\/\" \/>\n<meta property=\"og:site_name\" content=\"Escrita Criativa\" \/>\n<meta property=\"article:publisher\" content=\"https:\/\/www.facebook.com\/institutoveracruz.oficial\" \/>\n<meta property=\"article:modified_time\" content=\"2024-06-26T19:23:31+00:00\" \/>\n<meta property=\"og:image\" content=\"https:\/\/site.veracruz.edu.br\/graduacao-em-escrita-criativa-instituto-vera-cruz\/wp-content\/uploads\/2023\/08\/ingrid-fagundez.jpg\" \/>\n\t<meta property=\"og:image:width\" content=\"729\" \/>\n\t<meta property=\"og:image:height\" content=\"973\" \/>\n\t<meta property=\"og:image:type\" content=\"image\/jpeg\" \/>\n<meta name=\"twitter:card\" content=\"summary_large_image\" \/>\n<meta name=\"twitter:label1\" content=\"Est. tempo de leitura\" \/>\n\t<meta name=\"twitter:data1\" content=\"1 minuto\" \/>\n<script type=\"application\/ld+json\" class=\"yoast-schema-graph\">{\"@context\":\"https:\/\/schema.org\",\"@graph\":[{\"@type\":\"WebPage\",\"@id\":\"https:\/\/site.veracruz.edu.br\/graduacao-em-escrita-criativa-instituto-vera-cruz\/professores\/ingrid-fagundez\/\",\"url\":\"https:\/\/site.veracruz.edu.br\/graduacao-em-escrita-criativa-instituto-vera-cruz\/professores\/ingrid-fagundez\/\",\"name\":\"Ingrid Fagundez - Escrita Criativa\",\"isPartOf\":{\"@id\":\"https:\/\/site.veracruz.edu.br\/graduacao-em-escrita-criativa-instituto-vera-cruz\/#website\"},\"primaryImageOfPage\":{\"@id\":\"https:\/\/site.veracruz.edu.br\/graduacao-em-escrita-criativa-instituto-vera-cruz\/professores\/ingrid-fagundez\/#primaryimage\"},\"image\":{\"@id\":\"https:\/\/site.veracruz.edu.br\/graduacao-em-escrita-criativa-instituto-vera-cruz\/professores\/ingrid-fagundez\/#primaryimage\"},\"thumbnailUrl\":\"https:\/\/site.veracruz.edu.br\/graduacao-em-escrita-criativa-instituto-vera-cruz\/wp-content\/uploads\/2023\/08\/ingrid-fagundez.jpg\",\"datePublished\":\"2023-08-21T18:41:28+00:00\",\"dateModified\":\"2024-06-26T19:23:31+00:00\",\"breadcrumb\":{\"@id\":\"https:\/\/site.veracruz.edu.br\/graduacao-em-escrita-criativa-instituto-vera-cruz\/professores\/ingrid-fagundez\/#breadcrumb\"},\"inLanguage\":\"pt-BR\",\"potentialAction\":[{\"@type\":\"ReadAction\",\"target\":[\"https:\/\/site.veracruz.edu.br\/graduacao-em-escrita-criativa-instituto-vera-cruz\/professores\/ingrid-fagundez\/\"]}]},{\"@type\":\"ImageObject\",\"inLanguage\":\"pt-BR\",\"@id\":\"https:\/\/site.veracruz.edu.br\/graduacao-em-escrita-criativa-instituto-vera-cruz\/professores\/ingrid-fagundez\/#primaryimage\",\"url\":\"https:\/\/site.veracruz.edu.br\/graduacao-em-escrita-criativa-instituto-vera-cruz\/wp-content\/uploads\/2023\/08\/ingrid-fagundez.jpg\",\"contentUrl\":\"https:\/\/site.veracruz.edu.br\/graduacao-em-escrita-criativa-instituto-vera-cruz\/wp-content\/uploads\/2023\/08\/ingrid-fagundez.jpg\",\"width\":729,\"height\":973},{\"@type\":\"BreadcrumbList\",\"@id\":\"https:\/\/site.veracruz.edu.br\/graduacao-em-escrita-criativa-instituto-vera-cruz\/professores\/ingrid-fagundez\/#breadcrumb\",\"itemListElement\":[{\"@type\":\"ListItem\",\"position\":1,\"name\":\"Home\",\"item\":\"https:\/\/site.veracruz.edu.br\/graduacao-em-escrita-criativa-instituto-vera-cruz\/\"},{\"@type\":\"ListItem\",\"position\":2,\"name\":\"Professores\",\"item\":\"https:\/\/site.veracruz.edu.br\/graduacao-em-escrita-criativa-instituto-vera-cruz\/professores\/\"},{\"@type\":\"ListItem\",\"position\":3,\"name\":\"Ingrid Fagundez\"}]},{\"@type\":\"WebSite\",\"@id\":\"https:\/\/site.veracruz.edu.br\/graduacao-em-escrita-criativa-instituto-vera-cruz\/#website\",\"url\":\"https:\/\/site.veracruz.edu.br\/graduacao-em-escrita-criativa-instituto-vera-cruz\/\",\"name\":\"Escrita Criativa\",\"description\":\"\",\"publisher\":{\"@id\":\"https:\/\/site.veracruz.edu.br\/graduacao-em-escrita-criativa-instituto-vera-cruz\/#organization\"},\"potentialAction\":[{\"@type\":\"SearchAction\",\"target\":{\"@type\":\"EntryPoint\",\"urlTemplate\":\"https:\/\/site.veracruz.edu.br\/graduacao-em-escrita-criativa-instituto-vera-cruz\/?s={search_term_string}\"},\"query-input\":{\"@type\":\"PropertyValueSpecification\",\"valueRequired\":true,\"valueName\":\"search_term_string\"}}],\"inLanguage\":\"pt-BR\"},{\"@type\":\"Organization\",\"@id\":\"https:\/\/site.veracruz.edu.br\/graduacao-em-escrita-criativa-instituto-vera-cruz\/#organization\",\"name\":\"Escrita Criativa\",\"url\":\"https:\/\/site.veracruz.edu.br\/graduacao-em-escrita-criativa-instituto-vera-cruz\/\",\"logo\":{\"@type\":\"ImageObject\",\"inLanguage\":\"pt-BR\",\"@id\":\"https:\/\/site.veracruz.edu.br\/graduacao-em-escrita-criativa-instituto-vera-cruz\/#\/schema\/logo\/image\/\",\"url\":\"https:\/\/site.veracruz.edu.br\/graduacao-em-escrita-criativa-instituto-vera-cruz\/wp-content\/uploads\/2024\/05\/logo-novo-instituto-branco-e1718221534985.png\",\"contentUrl\":\"https:\/\/site.veracruz.edu.br\/graduacao-em-escrita-criativa-instituto-vera-cruz\/wp-content\/uploads\/2024\/05\/logo-novo-instituto-branco-e1718221534985.png\",\"width\":701,\"height\":489,\"caption\":\"Escrita Criativa\"},\"image\":{\"@id\":\"https:\/\/site.veracruz.edu.br\/graduacao-em-escrita-criativa-instituto-vera-cruz\/#\/schema\/logo\/image\/\"},\"sameAs\":[\"https:\/\/www.facebook.com\/institutoveracruz.oficial\",\"https:\/\/www.instagram.com\/institutoveracruz\"]}]}<\/script>\n<!-- \/ Yoast SEO plugin. -->","yoast_head_json":{"title":"Ingrid Fagundez - Escrita Criativa","robots":{"index":"noindex","follow":"follow","max-snippet":"max-snippet:-1","max-image-preview":"max-image-preview:large","max-video-preview":"max-video-preview:-1"},"og_locale":"pt_BR","og_type":"article","og_title":"Ingrid Fagundez - Escrita Criativa","og_description":"Formada em Jornalismo pela UFSC e p\u00f3s-graduada em Biografia e G\u00eaneros de N\u00e3o Fic\u00e7\u00e3o pela University of East Anglia. Foi rep\u00f3rter da Folha de S. Paulo e do servi\u00e7o brasileiro da BBC, escrevendo sobre pol\u00edtica e comportamento. Atualmente \u00e9 professora de n\u00e3o fic\u00e7\u00e3o liter\u00e1ria da p\u00f3s-gradua\u00e7\u00e3o em Forma\u00e7\u00e3o de Escritores do Instituto Vera Cruz e [&hellip;]","og_url":"https:\/\/site.veracruz.edu.br\/graduacao-em-escrita-criativa-instituto-vera-cruz\/professores\/ingrid-fagundez\/","og_site_name":"Escrita Criativa","article_publisher":"https:\/\/www.facebook.com\/institutoveracruz.oficial","article_modified_time":"2024-06-26T19:23:31+00:00","og_image":[{"width":729,"height":973,"url":"https:\/\/site.veracruz.edu.br\/graduacao-em-escrita-criativa-instituto-vera-cruz\/wp-content\/uploads\/2023\/08\/ingrid-fagundez.jpg","type":"image\/jpeg"}],"twitter_card":"summary_large_image","twitter_misc":{"Est. tempo de leitura":"1 minuto"},"schema":{"@context":"https:\/\/schema.org","@graph":[{"@type":"WebPage","@id":"https:\/\/site.veracruz.edu.br\/graduacao-em-escrita-criativa-instituto-vera-cruz\/professores\/ingrid-fagundez\/","url":"https:\/\/site.veracruz.edu.br\/graduacao-em-escrita-criativa-instituto-vera-cruz\/professores\/ingrid-fagundez\/","name":"Ingrid Fagundez - Escrita Criativa","isPartOf":{"@id":"https:\/\/site.veracruz.edu.br\/graduacao-em-escrita-criativa-instituto-vera-cruz\/#website"},"primaryImageOfPage":{"@id":"https:\/\/site.veracruz.edu.br\/graduacao-em-escrita-criativa-instituto-vera-cruz\/professores\/ingrid-fagundez\/#primaryimage"},"image":{"@id":"https:\/\/site.veracruz.edu.br\/graduacao-em-escrita-criativa-instituto-vera-cruz\/professores\/ingrid-fagundez\/#primaryimage"},"thumbnailUrl":"https:\/\/site.veracruz.edu.br\/graduacao-em-escrita-criativa-instituto-vera-cruz\/wp-content\/uploads\/2023\/08\/ingrid-fagundez.jpg","datePublished":"2023-08-21T18:41:28+00:00","dateModified":"2024-06-26T19:23:31+00:00","breadcrumb":{"@id":"https:\/\/site.veracruz.edu.br\/graduacao-em-escrita-criativa-instituto-vera-cruz\/professores\/ingrid-fagundez\/#breadcrumb"},"inLanguage":"pt-BR","potentialAction":[{"@type":"ReadAction","target":["https:\/\/site.veracruz.edu.br\/graduacao-em-escrita-criativa-instituto-vera-cruz\/professores\/ingrid-fagundez\/"]}]},{"@type":"ImageObject","inLanguage":"pt-BR","@id":"https:\/\/site.veracruz.edu.br\/graduacao-em-escrita-criativa-instituto-vera-cruz\/professores\/ingrid-fagundez\/#primaryimage","url":"https:\/\/site.veracruz.edu.br\/graduacao-em-escrita-criativa-instituto-vera-cruz\/wp-content\/uploads\/2023\/08\/ingrid-fagundez.jpg","contentUrl":"https:\/\/site.veracruz.edu.br\/graduacao-em-escrita-criativa-instituto-vera-cruz\/wp-content\/uploads\/2023\/08\/ingrid-fagundez.jpg","width":729,"height":973},{"@type":"BreadcrumbList","@id":"https:\/\/site.veracruz.edu.br\/graduacao-em-escrita-criativa-instituto-vera-cruz\/professores\/ingrid-fagundez\/#breadcrumb","itemListElement":[{"@type":"ListItem","position":1,"name":"Home","item":"https:\/\/site.veracruz.edu.br\/graduacao-em-escrita-criativa-instituto-vera-cruz\/"},{"@type":"ListItem","position":2,"name":"Professores","item":"https:\/\/site.veracruz.edu.br\/graduacao-em-escrita-criativa-instituto-vera-cruz\/professores\/"},{"@type":"ListItem","position":3,"name":"Ingrid Fagundez"}]},{"@type":"WebSite","@id":"https:\/\/site.veracruz.edu.br\/graduacao-em-escrita-criativa-instituto-vera-cruz\/#website","url":"https:\/\/site.veracruz.edu.br\/graduacao-em-escrita-criativa-instituto-vera-cruz\/","name":"Escrita Criativa","description":"","publisher":{"@id":"https:\/\/site.veracruz.edu.br\/graduacao-em-escrita-criativa-instituto-vera-cruz\/#organization"},"potentialAction":[{"@type":"SearchAction","target":{"@type":"EntryPoint","urlTemplate":"https:\/\/site.veracruz.edu.br\/graduacao-em-escrita-criativa-instituto-vera-cruz\/?s={search_term_string}"},"query-input":{"@type":"PropertyValueSpecification","valueRequired":true,"valueName":"search_term_string"}}],"inLanguage":"pt-BR"},{"@type":"Organization","@id":"https:\/\/site.veracruz.edu.br\/graduacao-em-escrita-criativa-instituto-vera-cruz\/#organization","name":"Escrita Criativa","url":"https:\/\/site.veracruz.edu.br\/graduacao-em-escrita-criativa-instituto-vera-cruz\/","logo":{"@type":"ImageObject","inLanguage":"pt-BR","@id":"https:\/\/site.veracruz.edu.br\/graduacao-em-escrita-criativa-instituto-vera-cruz\/#\/schema\/logo\/image\/","url":"https:\/\/site.veracruz.edu.br\/graduacao-em-escrita-criativa-instituto-vera-cruz\/wp-content\/uploads\/2024\/05\/logo-novo-instituto-branco-e1718221534985.png","contentUrl":"https:\/\/site.veracruz.edu.br\/graduacao-em-escrita-criativa-instituto-vera-cruz\/wp-content\/uploads\/2024\/05\/logo-novo-instituto-branco-e1718221534985.png","width":701,"height":489,"caption":"Escrita Criativa"},"image":{"@id":"https:\/\/site.veracruz.edu.br\/graduacao-em-escrita-criativa-instituto-vera-cruz\/#\/schema\/logo\/image\/"},"sameAs":["https:\/\/www.facebook.com\/institutoveracruz.oficial","https:\/\/www.instagram.com\/institutoveracruz"]}]}},"_links":{"self":[{"href":"https:\/\/site.veracruz.edu.br\/graduacao-em-escrita-criativa-instituto-vera-cruz\/wp-json\/wp\/v2\/professores\/285","targetHints":{"allow":["GET"]}}],"collection":[{"href":"https:\/\/site.veracruz.edu.br\/graduacao-em-escrita-criativa-instituto-vera-cruz\/wp-json\/wp\/v2\/professores"}],"about":[{"href":"https:\/\/site.veracruz.edu.br\/graduacao-em-escrita-criativa-instituto-vera-cruz\/wp-json\/wp\/v2\/types\/professores"}],"wp:featuredmedia":[{"embeddable":true,"href":"https:\/\/site.veracruz.edu.br\/graduacao-em-escrita-criativa-instituto-vera-cruz\/wp-json\/wp\/v2\/media\/1663"}],"wp:attachment":[{"href":"https:\/\/site.veracruz.edu.br\/graduacao-em-escrita-criativa-instituto-vera-cruz\/wp-json\/wp\/v2\/media?parent=285"}],"wp:term":[{"taxonomy":"category","embeddable":true,"href":"https:\/\/site.veracruz.edu.br\/graduacao-em-escrita-criativa-instituto-vera-cruz\/wp-json\/wp\/v2\/categories?post=285"}],"curies":[{"name":"wp","href":"https:\/\/api.w.org\/{rel}","templated":true}]}}

<p>Formada em Jornalismo pela UFSC e pós-graduada em Biografia e Gêneros de Não Ficção pela University of East Anglia. Foi repórter da Folha de S. Paulo e do serviço brasileiro da BBC, escrevendo sobre política e comportamento. Atualmente é professora de não ficção literária da pós-graduação em Formação de Escritores do Instituto Vera Cruz e mentora de obras do gênero.&nbsp;</p>

<!-- This site is optimized with the Yoast SEO plugin v23.9 - https://yoast.com/wordpress/plugins/seo/ -->
<title>Ingrid Fagundez - Escrita Criativa</title>
<meta name="robots" content="noindex, follow, max-snippet:-1, max-image-preview:large, max-video-preview:-1" />
<meta property="og:locale" content="pt_BR" />
<meta property="og:type" content="article" />
<meta property="og:title" content="Ingrid Fagundez - Escrita Criativa" />
<meta property="og:description" content="Formada em Jornalismo pela UFSC e pós-graduada em Biografia e Gêneros de Não Ficção pela University of East Anglia. Foi repórter da Folha de S. Paulo e do serviço brasileiro da BBC, escrevendo sobre política e comportamento. Atualmente é professora de não ficção literária da pós-graduação em Formação de Escritores do Instituto Vera Cruz e [&hellip;]" />
<meta property="og:url" content="https://site.veracruz.edu.br/graduacao-em-escrita-criativa-instituto-vera-cruz/professores/ingrid-fagundez/" />
<meta property="og:site_name" content="Escrita Criativa" />
<meta property="article:publisher" content="https://www.facebook.com/institutoveracruz.oficial" />
<meta property="article:modified_time" content="2024-06-26T19:23:31+00:00" />
<meta property="og:image" content="https://site.veracruz.edu.br/graduacao-em-escrita-criativa-instituto-vera-cruz/wp-content/uploads/2023/08/ingrid-fagundez.jpg" />
	<meta property="og:image:width" content="729" />
	<meta property="og:image:height" content="973" />
	<meta property="og:image:type" content="image/jpeg" />
<meta name="twitter:card" content="summary_large_image" />
<meta name="twitter:label1" content="Est. tempo de leitura" />
	<meta name="twitter:data1" content="1 minuto" />
<script type="application/ld+json" class="yoast-schema-graph">{"@context":"https://schema.org","@graph":[{"@type":"WebPage","@id":"https://site.veracruz.edu.br/graduacao-em-escrita-criativa-instituto-vera-cruz/professores/ingrid-fagundez/","url":"https://site.veracruz.edu.br/graduacao-em-escrita-criativa-instituto-vera-cruz/professores/ingrid-fagundez/","name":"Ingrid Fagundez - Escrita Criativa","isPartOf":{"@id":"https://site.veracruz.edu.br/graduacao-em-escrita-criativa-instituto-vera-cruz/#website"},"primaryImageOfPage":{"@id":"https://site.veracruz.edu.br/graduacao-em-escrita-criativa-instituto-vera-cruz/professores/ingrid-fagundez/#primaryimage"},"image":{"@id":"https://site.veracruz.edu.br/graduacao-em-escrita-criativa-instituto-vera-cruz/professores/ingrid-fagundez/#primaryimage"},"thumbnailUrl":"https://site.veracruz.edu.br/graduacao-em-escrita-criativa-instituto-vera-cruz/wp-content/uploads/2023/08/ingrid-fagundez.jpg","datePublished":"2023-08-21T18:41:28+00:00","dateModified":"2024-06-26T19:23:31+00:00","breadcrumb":{"@id":"https://site.veracruz.edu.br/graduacao-em-escrita-criativa-instituto-vera-cruz/professores/ingrid-fagundez/#breadcrumb"},"inLanguage":"pt-BR","potentialAction":[{"@type":"ReadAction","target":["https://site.veracruz.edu.br/graduacao-em-escrita-criativa-instituto-vera-cruz/professores/ingrid-fagundez/"]}]},{"@type":"ImageObject","inLanguage":"pt-BR","@id":"https://site.veracruz.edu.br/graduacao-em-escrita-criativa-instituto-vera-cruz/professores/ingrid-fagundez/#primaryimage","url":"https://site.veracruz.edu.br/graduacao-em-escrita-criativa-instituto-vera-cruz/wp-content/uploads/2023/08/ingrid-fagundez.jpg","contentUrl":"https://site.veracruz.edu.br/graduacao-em-escrita-criativa-instituto-vera-cruz/wp-content/uploads/2023/08/ingrid-fagundez.jpg","width":729,"height":973},{"@type":"BreadcrumbList","@id":"https://site.veracruz.edu.br/graduacao-em-escrita-criativa-instituto-vera-cruz/professores/ingrid-fagundez/#breadcrumb","itemListElement":[{"@type":"ListItem","position":1,"name":"Home","item":"https://site.veracruz.edu.br/graduacao-em-escrita-criativa-instituto-vera-cruz/"},{"@type":"ListItem","position":2,"name":"Professores","item":"https://site.veracruz.edu.br/graduacao-em-escrita-criativa-instituto-vera-cruz/professores/"},{"@type":"ListItem","position":3,"name":"Ingrid Fagundez"}]},{"@type":"WebSite","@id":"https://site.veracruz.edu.br/graduacao-em-escrita-criativa-instituto-vera-cruz/#website","url":"https://site.veracruz.edu.br/graduacao-em-escrita-criativa-instituto-vera-cruz/","name":"Escrita Criativa","description":"","publisher":{"@id":"https://site.veracruz.edu.br/graduacao-em-escrita-criativa-instituto-vera-cruz/#organization"},"potentialAction":[{"@type":"SearchAction","target":{"@type":"EntryPoint","urlTemplate":"https://site.veracruz.edu.br/graduacao-em-escrita-criativa-instituto-vera-cruz/?s={search_term_string}"},"query-input":{"@type":"PropertyValueSpecification","valueRequired":true,"valueName":"search_term_string"}}],"inLanguage":"pt-BR"},{"@type":"Organization","@id":"https://site.veracruz.edu.br/graduacao-em-escrita-criativa-instituto-vera-cruz/#organization","name":"Escrita Criativa","url":"https://site.veracruz.edu.br/graduacao-em-escrita-criativa-instituto-vera-cruz/","logo":{"@type":"ImageObject","inLanguage":"pt-BR","@id":"https://site.veracruz.edu.br/graduacao-em-escrita-criativa-instituto-vera-cruz/#/schema/logo/image/","url":"https://site.veracruz.edu.br/graduacao-em-escrita-criativa-instituto-vera-cruz/wp-content/uploads/2024/05/logo-novo-instituto-branco-e1718221534985.png","contentUrl":"https://site.veracruz.edu.br/graduacao-em-escrita-criativa-instituto-vera-cruz/wp-content/uploads/2024/05/logo-novo-instituto-branco-e1718221534985.png","width":701,"height":489,"caption":"Escrita Criativa"},"image":{"@id":"https://site.veracruz.edu.br/graduacao-em-escrita-criativa-instituto-vera-cruz/#/schema/logo/image/"},"sameAs":["https://www.facebook.com/institutoveracruz.oficial","https://www.instagram.com/institutoveracruz"]}]}</script>
<!-- / Yoast SEO plugin. -->

Formada em Jornalismo pela UFSC e pós-graduada em Biografia e Gêneros de Não Ficção pela University of East Anglia. Foi repórter da Folha de S. Paulo e do serviço brasileiro da BBC, escrevendo sobre política e comportamento. Atualmente é professora de não ficção literária da pós-graduação em Formação de Escritores do Instituto Vera Cruz e [&hellip;]
