{"id":1153,"date":"2023-06-26T10:04:00","date_gmt":"2023-06-26T13:04:00","guid":{"rendered":"https:\/\/site.veracruz.edu.br\/blogdaposlcj\/?post_type=resenha&#038;p=1153"},"modified":"2023-06-29T23:14:47","modified_gmt":"2023-06-30T02:14:47","slug":"se-encontrar-o-touro-dance","status":"publish","type":"resenha","link":"https:\/\/site.veracruz.edu.br\/blogdaposlcj\/resenha\/se-encontrar-o-touro-dance\/","title":{"rendered":"Se encontrar o touro, dance!"},"content":{"rendered":"\n<p>: o alerta acompanha o abra\u00e7o de Renato Moriconi ao entregar cada exemplar de seu novo livro <em>O que incomoda o touro n\u00e3o \u00e9 a cor mas o movimento<\/em> (2023). O lan\u00e7amento festivo ocorreu junto \u00e0 exposi\u00e7\u00e3o dos originais da obra vinculada ao selo o.tal, de livros para todas as idades da Editora Caixote.<\/p>\n\n\n\n<p>Talvez pelo vinho, talvez pelo est\u00edmulo visual do papel vermelho semitransparente envolvendo a capa \u2013 ou seria a pr\u00f3pria capa da tauromaquia? \u2013 sinto desejo de perguntar: por que desejar\u00edamos incomodar o touro? Deixa o touro quieto eu penso, mas meus olhos se abismam no livro-arte, nas imagens do corpo masculino, contido na sobriedade do l\u00e1pis preto, convocado pelo feminino, em pura expans\u00e3o vermelho-rubro. E eu nem sabia que touros n\u00e3o distinguem cores&#8230;<\/p>\n\n\n\n<p>Deixa o touro quieto, mas como se o pr\u00f3prio da leitura \u00e9 o movimento? Seja o f\u00edsico dos dedos no folhear das p\u00e1ginas ou nos giros orbitais dos olhos; seja o intelectual na dan\u00e7a das ideias. E dan\u00e7o com minhas amigas Isabel Malzoni, editora da Caixote, Cris Tavares e Denise Guilherme, professoras na p\u00f3s-gradua\u00e7\u00e3o \u201cLivros para crian\u00e7as e jovens\u201d, do Instituto Vera Cruz, brindando \u00e0 met\u00e1fora pol\u00edtica do vermelho, mas n\u00e3o est\u00e1tico e partid\u00e1rio: o vermelho mesmo como movimento transgressor que invade as ruas.<\/p>\n\n\n\n<p>E foram elas, dessa vez as alunas da p\u00f3s, sem vinho mas olhos vivos, que flagraram o movimento entre os quadros, sempre por vir como num foliosc\u00f3pio, ou flipbook. Sim, \u00e9 no impercept\u00edvel que se (a)guarda o impulso, ali \u2013 no entre \u2013 o nascedouro dos gestos.<\/p>\n\n\n\n<figure class=\"wp-block-image size-large\"><img fetchpriority=\"high\" decoding=\"async\" width=\"1024\" height=\"261\" src=\"https:\/\/site.veracruz.edu.br\/blogdaposlcj\/wp-content\/uploads\/2023\/06\/ilustracao-renato-moriconi-1-1024x261.png\" alt=\"\" class=\"wp-image-1154\" srcset=\"https:\/\/site.veracruz.edu.br\/blogdaposlcj\/wp-content\/uploads\/2023\/06\/ilustracao-renato-moriconi-1-1024x261.png 1024w, https:\/\/site.veracruz.edu.br\/blogdaposlcj\/wp-content\/uploads\/2023\/06\/ilustracao-renato-moriconi-1-300x76.png 300w, https:\/\/site.veracruz.edu.br\/blogdaposlcj\/wp-content\/uploads\/2023\/06\/ilustracao-renato-moriconi-1-768x196.png 768w, https:\/\/site.veracruz.edu.br\/blogdaposlcj\/wp-content\/uploads\/2023\/06\/ilustracao-renato-moriconi-1.png 1500w\" sizes=\"(max-width: 1024px) 100vw, 1024px\" \/><\/figure>\n\n\n\n<figure class=\"wp-block-image size-large\"><img decoding=\"async\" width=\"1024\" height=\"251\" src=\"https:\/\/site.veracruz.edu.br\/blogdaposlcj\/wp-content\/uploads\/2023\/06\/ilustracao-renato-moriconi-2-1024x251.png\" alt=\"\" class=\"wp-image-1155\" srcset=\"https:\/\/site.veracruz.edu.br\/blogdaposlcj\/wp-content\/uploads\/2023\/06\/ilustracao-renato-moriconi-2-1024x251.png 1024w, https:\/\/site.veracruz.edu.br\/blogdaposlcj\/wp-content\/uploads\/2023\/06\/ilustracao-renato-moriconi-2-300x74.png 300w, https:\/\/site.veracruz.edu.br\/blogdaposlcj\/wp-content\/uploads\/2023\/06\/ilustracao-renato-moriconi-2-768x188.png 768w, https:\/\/site.veracruz.edu.br\/blogdaposlcj\/wp-content\/uploads\/2023\/06\/ilustracao-renato-moriconi-2.png 1500w\" sizes=\"(max-width: 1024px) 100vw, 1024px\" \/><\/figure>\n\n\n\n<p>Meus olhos correm p\u00e1ginas \u2013 correriam se fosse eu o touro? \u2013 agora tomadas pelo movimento da dama. J\u00e1 n\u00e3o estou mais na pra\u00e7a dos touros, mas num tabuleiro de xadrez onde a cor, o tom, avan\u00e7a livremente e em qualquer dire\u00e7\u00e3o. Tudo \u00e9 ela e o rei se dobra. Nossas pupilas dilatam porque diferente dele, do touro, o vermelho, em n\u00f3s, estimula a percep\u00e7\u00e3o, nos deixa mais focadas:<\/p>\n\n\n\n<figure class=\"wp-block-image size-large\"><img decoding=\"async\" width=\"1024\" height=\"254\" src=\"https:\/\/site.veracruz.edu.br\/blogdaposlcj\/wp-content\/uploads\/2023\/06\/ilustracao-renato-moriconi-3-1024x254.png\" alt=\"\" class=\"wp-image-1156\" srcset=\"https:\/\/site.veracruz.edu.br\/blogdaposlcj\/wp-content\/uploads\/2023\/06\/ilustracao-renato-moriconi-3-1024x254.png 1024w, https:\/\/site.veracruz.edu.br\/blogdaposlcj\/wp-content\/uploads\/2023\/06\/ilustracao-renato-moriconi-3-300x74.png 300w, https:\/\/site.veracruz.edu.br\/blogdaposlcj\/wp-content\/uploads\/2023\/06\/ilustracao-renato-moriconi-3-768x190.png 768w, https:\/\/site.veracruz.edu.br\/blogdaposlcj\/wp-content\/uploads\/2023\/06\/ilustracao-renato-moriconi-3.png 1500w\" sizes=\"(max-width: 1024px) 100vw, 1024px\" \/><\/figure>\n\n\n\n<p>\u00c9 Ariadne essa que adentrou o labirinto do Minotauro? Que faz ela diante dele? Do Minotauro? Ou de Teseu? Humaniza-se na convoca\u00e7\u00e3o \u00e0 dan\u00e7a o touro. Mas essa n\u00e3o \u00e9 uma hist\u00f3ria rom\u00e2ntica. Ainda n\u00e3o h\u00e1 lugar para dan\u00e7ar a dois, nos quadros somente h\u00e1 espa\u00e7o para um dos corpos. E a mulher \u2013 que n\u00e3o \u00e9 Ariadne, que n\u00e3o \u00e9 a rainha, mas a mulher que \u00e9 plural, a mulher que \u00e9 levante \u2013 segue tentando expandir o seu. Com a for\u00e7a do corpo em movimento.<\/p>\n\n\n\n<figure class=\"wp-block-image size-large\"><img loading=\"lazy\" decoding=\"async\" width=\"1024\" height=\"749\" src=\"https:\/\/site.veracruz.edu.br\/blogdaposlcj\/wp-content\/uploads\/2023\/06\/O-que-incomoda-o-touro-10-1024x749.png\" alt=\"\" class=\"wp-image-1142\" srcset=\"https:\/\/site.veracruz.edu.br\/blogdaposlcj\/wp-content\/uploads\/2023\/06\/O-que-incomoda-o-touro-10-1024x749.png 1024w, https:\/\/site.veracruz.edu.br\/blogdaposlcj\/wp-content\/uploads\/2023\/06\/O-que-incomoda-o-touro-10-300x219.png 300w, https:\/\/site.veracruz.edu.br\/blogdaposlcj\/wp-content\/uploads\/2023\/06\/O-que-incomoda-o-touro-10-768x562.png 768w, https:\/\/site.veracruz.edu.br\/blogdaposlcj\/wp-content\/uploads\/2023\/06\/O-que-incomoda-o-touro-10-1536x1124.png 1536w, https:\/\/site.veracruz.edu.br\/blogdaposlcj\/wp-content\/uploads\/2023\/06\/O-que-incomoda-o-touro-10-2048x1498.png 2048w\" sizes=\"(max-width: 1024px) 100vw, 1024px\" \/><\/figure>\n\n\n\n<p>A feminista lituana Emma Goldman diz: \u201cSe n\u00e3o posso dan\u00e7ar, essa n\u00e3o \u00e9 minha revolu\u00e7\u00e3o\u201d. Citada na troca de cartas entre Christie McDonald e Jacques Derrida, essa frase \u00e9 coreografada na dan\u00e7a da desconstru\u00e7\u00e3o. Derrida dir\u00e1 \u201cisto que na verdade n\u00e3o se deixa conquistar \u00e9 \u2013 feminino\u201d. Talvez pud\u00e9ssemos substituir conquistar por capturar. E acho que Renato Moriconi desenha mesmo \u00e9 com esse verbo.<\/p>\n\n\n\n<p>Ol(h)\u00e9!<\/p>\n\n\n\n<div class=\"wp-block-media-text is-stacked-on-mobile\" style=\"grid-template-columns:24% auto\"><figure class=\"wp-block-media-text__media\"><img loading=\"lazy\" decoding=\"async\" width=\"292\" height=\"422\" src=\"https:\/\/site.veracruz.edu.br\/blogdaposlcj\/wp-content\/uploads\/2023\/06\/o-que-incomoda-o-touro-nao-e-a-cor-mas-o-movimento-capa-fechada.png\" alt=\"\" class=\"wp-image-1158 size-full\" srcset=\"https:\/\/site.veracruz.edu.br\/blogdaposlcj\/wp-content\/uploads\/2023\/06\/o-que-incomoda-o-touro-nao-e-a-cor-mas-o-movimento-capa-fechada.png 292w, https:\/\/site.veracruz.edu.br\/blogdaposlcj\/wp-content\/uploads\/2023\/06\/o-que-incomoda-o-touro-nao-e-a-cor-mas-o-movimento-capa-fechada-208x300.png 208w\" sizes=\"(max-width: 292px) 100vw, 292px\" \/><\/figure><div class=\"wp-block-media-text__content\">\n<p>O que incomoda o touro n\u00e3o \u00e9 a cor mas o movimento<br>Escrito e ilustrado por: Renato Moriconi<br>Editora<em>\u00a0<\/em>Caixote (Selo o.tal)<br>2023<br>48 p\u00e1ginas<\/p>\n<\/div><\/div>\n","protected":false},"excerpt":{"rendered":"<p>: o alerta acompanha o abra\u00e7o de Renato Moriconi ao entregar cada exemplar de seu novo livro O que incomoda o touro n\u00e3o \u00e9 a cor mas o movimento (2023). O lan\u00e7amento festivo ocorreu junto \u00e0 exposi\u00e7\u00e3o dos originais da obra vinculada ao selo o.tal, de livros para todas as idades da Editora Caixote. Talvez [&hellip;]<\/p>\n","protected":false},"featured_media":1158,"template":"","class_list":["post-1153","resenha","type-resenha","status-publish","has-post-thumbnail","hentry"],"acf":[],"_links":{"self":[{"href":"https:\/\/site.veracruz.edu.br\/blogdaposlcj\/wp-json\/wp\/v2\/resenha\/1153","targetHints":{"allow":["GET"]}}],"collection":[{"href":"https:\/\/site.veracruz.edu.br\/blogdaposlcj\/wp-json\/wp\/v2\/resenha"}],"about":[{"href":"https:\/\/site.veracruz.edu.br\/blogdaposlcj\/wp-json\/wp\/v2\/types\/resenha"}],"wp:featuredmedia":[{"embeddable":true,"href":"https:\/\/site.veracruz.edu.br\/blogdaposlcj\/wp-json\/wp\/v2\/media\/1158"}],"wp:attachment":[{"href":"https:\/\/site.veracruz.edu.br\/blogdaposlcj\/wp-json\/wp\/v2\/media?parent=1153"}],"curies":[{"name":"wp","href":"https:\/\/api.w.org\/{rel}","templated":true}]}}

<p>: o alerta acompanha o abraço de Renato Moriconi ao entregar cada exemplar de seu novo livro <em>O que incomoda o touro não é a cor mas o movimento</em> (2023). O lançamento festivo ocorreu junto à exposição dos originais da obra vinculada ao selo o.tal, de livros para todas as idades da Editora Caixote.</p>



<p>Talvez pelo vinho, talvez pelo estímulo visual do papel vermelho semitransparente envolvendo a capa – ou seria a própria capa da tauromaquia? – sinto desejo de perguntar: por que desejaríamos incomodar o touro? Deixa o touro quieto eu penso, mas meus olhos se abismam no livro-arte, nas imagens do corpo masculino, contido na sobriedade do lápis preto, convocado pelo feminino, em pura expansão vermelho-rubro. E eu nem sabia que touros não distinguem cores&#8230;</p>



<p>Deixa o touro quieto, mas como se o próprio da leitura é o movimento? Seja o físico dos dedos no folhear das páginas ou nos giros orbitais dos olhos; seja o intelectual na dança das ideias. E danço com minhas amigas Isabel Malzoni, editora da Caixote, Cris Tavares e Denise Guilherme, professoras na pós-graduação “Livros para crianças e jovens”, do Instituto Vera Cruz, brindando à metáfora política do vermelho, mas não estático e partidário: o vermelho mesmo como movimento transgressor que invade as ruas.</p>



<p>E foram elas, dessa vez as alunas da pós, sem vinho mas olhos vivos, que flagraram o movimento entre os quadros, sempre por vir como num folioscópio, ou flipbook. Sim, é no imperceptível que se (a)guarda o impulso, ali – no entre – o nascedouro dos gestos.</p>



<figure class="wp-block-image size-large"><img fetchpriority="high" decoding="async" width="1024" height="261" src="https://site.veracruz.edu.br/blogdaposlcj/wp-content/uploads/2023/06/ilustracao-renato-moriconi-1-1024x261.png" alt="" class="wp-image-1154" srcset="https://site.veracruz.edu.br/blogdaposlcj/wp-content/uploads/2023/06/ilustracao-renato-moriconi-1-1024x261.png 1024w, https://site.veracruz.edu.br/blogdaposlcj/wp-content/uploads/2023/06/ilustracao-renato-moriconi-1-300x76.png 300w, https://site.veracruz.edu.br/blogdaposlcj/wp-content/uploads/2023/06/ilustracao-renato-moriconi-1-768x196.png 768w, https://site.veracruz.edu.br/blogdaposlcj/wp-content/uploads/2023/06/ilustracao-renato-moriconi-1.png 1500w" sizes="(max-width: 1024px) 100vw, 1024px" /></figure>



<figure class="wp-block-image size-large"><img decoding="async" width="1024" height="251" src="https://site.veracruz.edu.br/blogdaposlcj/wp-content/uploads/2023/06/ilustracao-renato-moriconi-2-1024x251.png" alt="" class="wp-image-1155" srcset="https://site.veracruz.edu.br/blogdaposlcj/wp-content/uploads/2023/06/ilustracao-renato-moriconi-2-1024x251.png 1024w, https://site.veracruz.edu.br/blogdaposlcj/wp-content/uploads/2023/06/ilustracao-renato-moriconi-2-300x74.png 300w, https://site.veracruz.edu.br/blogdaposlcj/wp-content/uploads/2023/06/ilustracao-renato-moriconi-2-768x188.png 768w, https://site.veracruz.edu.br/blogdaposlcj/wp-content/uploads/2023/06/ilustracao-renato-moriconi-2.png 1500w" sizes="(max-width: 1024px) 100vw, 1024px" /></figure>



<p>Meus olhos correm páginas – correriam se fosse eu o touro? – agora tomadas pelo movimento da dama. Já não estou mais na praça dos touros, mas num tabuleiro de xadrez onde a cor, o tom, avança livremente e em qualquer direção. Tudo é ela e o rei se dobra. Nossas pupilas dilatam porque diferente dele, do touro, o vermelho, em nós, estimula a percepção, nos deixa mais focadas:</p>



<figure class="wp-block-image size-large"><img decoding="async" width="1024" height="254" src="https://site.veracruz.edu.br/blogdaposlcj/wp-content/uploads/2023/06/ilustracao-renato-moriconi-3-1024x254.png" alt="" class="wp-image-1156" srcset="https://site.veracruz.edu.br/blogdaposlcj/wp-content/uploads/2023/06/ilustracao-renato-moriconi-3-1024x254.png 1024w, https://site.veracruz.edu.br/blogdaposlcj/wp-content/uploads/2023/06/ilustracao-renato-moriconi-3-300x74.png 300w, https://site.veracruz.edu.br/blogdaposlcj/wp-content/uploads/2023/06/ilustracao-renato-moriconi-3-768x190.png 768w, https://site.veracruz.edu.br/blogdaposlcj/wp-content/uploads/2023/06/ilustracao-renato-moriconi-3.png 1500w" sizes="(max-width: 1024px) 100vw, 1024px" /></figure>



<p>É Ariadne essa que adentrou o labirinto do Minotauro? Que faz ela diante dele? Do Minotauro? Ou de Teseu? Humaniza-se na convocação à dança o touro. Mas essa não é uma história romântica. Ainda não há lugar para dançar a dois, nos quadros somente há espaço para um dos corpos. E a mulher – que não é Ariadne, que não é a rainha, mas a mulher que é plural, a mulher que é levante – segue tentando expandir o seu. Com a força do corpo em movimento.</p>



<figure class="wp-block-image size-large"><img loading="lazy" decoding="async" width="1024" height="749" src="https://site.veracruz.edu.br/blogdaposlcj/wp-content/uploads/2023/06/O-que-incomoda-o-touro-10-1024x749.png" alt="" class="wp-image-1142" srcset="https://site.veracruz.edu.br/blogdaposlcj/wp-content/uploads/2023/06/O-que-incomoda-o-touro-10-1024x749.png 1024w, https://site.veracruz.edu.br/blogdaposlcj/wp-content/uploads/2023/06/O-que-incomoda-o-touro-10-300x219.png 300w, https://site.veracruz.edu.br/blogdaposlcj/wp-content/uploads/2023/06/O-que-incomoda-o-touro-10-768x562.png 768w, https://site.veracruz.edu.br/blogdaposlcj/wp-content/uploads/2023/06/O-que-incomoda-o-touro-10-1536x1124.png 1536w, https://site.veracruz.edu.br/blogdaposlcj/wp-content/uploads/2023/06/O-que-incomoda-o-touro-10-2048x1498.png 2048w" sizes="(max-width: 1024px) 100vw, 1024px" /></figure>



<p>A feminista lituana Emma Goldman diz: “Se não posso dançar, essa não é minha revolução”. Citada na troca de cartas entre Christie McDonald e Jacques Derrida, essa frase é coreografada na dança da desconstrução. Derrida dirá “isto que na verdade não se deixa conquistar é – feminino”. Talvez pudéssemos substituir conquistar por capturar. E acho que Renato Moriconi desenha mesmo é com esse verbo.</p>



<p>Ol(h)é!</p>



<div class="wp-block-media-text is-stacked-on-mobile" style="grid-template-columns:24% auto"><figure class="wp-block-media-text__media"><img loading="lazy" decoding="async" width="292" height="422" src="https://site.veracruz.edu.br/blogdaposlcj/wp-content/uploads/2023/06/o-que-incomoda-o-touro-nao-e-a-cor-mas-o-movimento-capa-fechada.png" alt="" class="wp-image-1158 size-full" srcset="https://site.veracruz.edu.br/blogdaposlcj/wp-content/uploads/2023/06/o-que-incomoda-o-touro-nao-e-a-cor-mas-o-movimento-capa-fechada.png 292w, https://site.veracruz.edu.br/blogdaposlcj/wp-content/uploads/2023/06/o-que-incomoda-o-touro-nao-e-a-cor-mas-o-movimento-capa-fechada-208x300.png 208w" sizes="(max-width: 292px) 100vw, 292px" /></figure><div class="wp-block-media-text__content">
<p>O que incomoda o touro não é a cor mas o movimento<br>Escrito e ilustrado por: Renato Moriconi<br>Editora<em> </em>Caixote (Selo o.tal)<br>2023<br>48 páginas</p>
</div></div>

<p>: o alerta acompanha o abraço de Renato Moriconi ao entregar cada exemplar de seu novo livro O que incomoda o touro não é a cor mas o movimento (2023). O lançamento festivo ocorreu junto à exposição dos originais da obra vinculada ao selo o.tal, de livros para todas as idades da Editora Caixote. Talvez [&hellip;]</p>
