{"id":1499,"date":"2025-02-25T11:29:02","date_gmt":"2025-02-25T14:29:02","guid":{"rendered":"https:\/\/site.veracruz.edu.br\/blogdaposlcj\/?post_type=podcast&#038;p=1499"},"modified":"2025-03-27T16:35:36","modified_gmt":"2025-03-27T19:35:36","slug":"cenas-sociais-da-literatura","status":"publish","type":"podcast","link":"https:\/\/site.veracruz.edu.br\/blogdaposlcj\/podcast\/cenas-sociais-da-literatura\/","title":{"rendered":"Cenas sociais da literatura"},"content":{"rendered":"\n<p>Como a media\u00e7\u00e3o liter\u00e1ria pode promover rodas de conversa entre jovens de diferentes realidades acerca de temas humanos, sociopol\u00edticos e culturais?<\/p>\n\n\n\n<p>Neste epis\u00f3dio do podcast <em>Tantas Literaturas<\/em>, a educomunicadora e especialista em Literatura para Crian\u00e7as e Jovens Adriana da Gl\u00f3ria apresenta o relato da experi\u00eancia com o Coletivo Chega Junto Juventudes, um grupo de jovens de v\u00e1rias regi\u00f5es do Brasil, que se reuniu semanalmente, on-line, durante um ano, para produzir conte\u00fados para uma p\u00e1gina no <a href=\"https:\/\/www.instagram.com\/chegajuntojuventudes\/\" target=\"_blank\" rel=\"noreferrer noopener\">Instagram<\/a> e conversas para o podcast <a href=\"https:\/\/open.spotify.com\/show\/0wnBqc0qZscZCjgDfIVTau?si=72aceb6263c84e3b\" target=\"_blank\" rel=\"noreferrer noopener\"><em>Juventudes de Fronteiras<\/em><\/a>.<\/p>\n\n\n\n<p>Nas palavras de Adriana, a media\u00e7\u00e3o de leitura foi uma das ferramentas que possibilitou que surgissem as rodas de conversa entre os participantes e, com elas, foram se compondo as tramas dos encontros, chamadas de \u201ccenas sociais\u201d: \u201cCada livro ou texto liter\u00e1rio foi fundamental para que consegu\u00edssemos nos conhecer e nos reconhecer como individualidades e tamb\u00e9m como um corpo e identidade social. Enquanto cada jovem investigava a sua singularidade, o seu pr\u00f3prio modo de express\u00e3o, ele ou ela tamb\u00e9m escutavam a opini\u00e3o alheia e olhavam para o \u2018outro\u2019. Assim seguimos, elaborando e construindo a rela\u00e7\u00e3o que gostar\u00edamos que o Coletivo tivesse com a sociedade.\u201d<\/p>\n\n\n\n<p><strong>Dura\u00e7\u00e3o: <\/strong>23 min.<\/p>\n\n\n\n<p><strong>Livros mencionados no epis\u00f3dio:<\/strong> \u201cO rumor da l\u00edngua\u201d, Roland Barthes (WMF Martins Fontes); \u201cSe eu fosse uma casa\u201d, Carol Fernandes (Casa Tuya); \u201cOs jovens e a leitura: uma nova perspectiva\u201d, Mich\u00e8le Petit (Editora 34); \u201cTantas palavras\u201d, Caeto (Miolo Mole); \u201cRedemoinho em dia quente\u201d, Jarid Arraes (Alfaguara); \u201cAs cidades invis\u00edveis\u201d, Italo Calvino (Companhia das Letras).<\/p>\n\n\n\n<div style=\"height:20px\" aria-hidden=\"true\" class=\"wp-block-spacer\"><\/div>\n\n\n\n<p><strong>Ficha t\u00e9cnica<\/strong><\/p>\n\n\n\n<p>Roteiro e Apresenta\u00e7\u00e3o: Adriana da Gl\u00f3ria<\/p>\n\n\n\n<p>Narra\u00e7\u00e3o Vinhetas: Sandra Storino<\/p>\n\n\n\n<p>Arte da Capa: Isabel Galvanese<\/p>\n\n\n\n<p>M\u00fasicas de Abertura e Encerramento: Dado Magnelli<\/p>\n\n\n\n<p>Orienta\u00e7\u00e3o: Carolina Pezzoni<\/p>\n\n\n\n<p>Edi\u00e7\u00e3o de Som: Senhor A (Alexandre Gomes)<\/p>\n\n\n\n<p>Idealiza\u00e7\u00e3o: Cristiane Tavares | Instituto Vera Cruz<\/p>\n","protected":false},"featured_media":1528,"template":"","class_list":["post-1499","podcast","type-podcast","status-publish","has-post-thumbnail","hentry"],"acf":[],"_links":{"self":[{"href":"https:\/\/site.veracruz.edu.br\/blogdaposlcj\/wp-json\/wp\/v2\/podcast\/1499","targetHints":{"allow":["GET"]}}],"collection":[{"href":"https:\/\/site.veracruz.edu.br\/blogdaposlcj\/wp-json\/wp\/v2\/podcast"}],"about":[{"href":"https:\/\/site.veracruz.edu.br\/blogdaposlcj\/wp-json\/wp\/v2\/types\/podcast"}],"wp:featuredmedia":[{"embeddable":true,"href":"https:\/\/site.veracruz.edu.br\/blogdaposlcj\/wp-json\/wp\/v2\/media\/1528"}],"wp:attachment":[{"href":"https:\/\/site.veracruz.edu.br\/blogdaposlcj\/wp-json\/wp\/v2\/media?parent=1499"}],"curies":[{"name":"wp","href":"https:\/\/api.w.org\/{rel}","templated":true}]}}

<p>Como a mediação literária pode promover rodas de conversa entre jovens de diferentes realidades acerca de temas humanos, sociopolíticos e culturais?</p>



<p>Neste episódio do podcast <em>Tantas Literaturas</em>, a educomunicadora e especialista em Literatura para Crianças e Jovens Adriana da Glória apresenta o relato da experiência com o Coletivo Chega Junto Juventudes, um grupo de jovens de várias regiões do Brasil, que se reuniu semanalmente, on-line, durante um ano, para produzir conteúdos para uma página no <a href="https://www.instagram.com/chegajuntojuventudes/" target="_blank" rel="noreferrer noopener">Instagram</a> e conversas para o podcast <a href="https://open.spotify.com/show/0wnBqc0qZscZCjgDfIVTau?si=72aceb6263c84e3b" target="_blank" rel="noreferrer noopener"><em>Juventudes de Fronteiras</em></a>.</p>



<p>Nas palavras de Adriana, a mediação de leitura foi uma das ferramentas que possibilitou que surgissem as rodas de conversa entre os participantes e, com elas, foram se compondo as tramas dos encontros, chamadas de “cenas sociais”: “Cada livro ou texto literário foi fundamental para que conseguíssemos nos conhecer e nos reconhecer como individualidades e também como um corpo e identidade social. Enquanto cada jovem investigava a sua singularidade, o seu próprio modo de expressão, ele ou ela também escutavam a opinião alheia e olhavam para o ‘outro’. Assim seguimos, elaborando e construindo a relação que gostaríamos que o Coletivo tivesse com a sociedade.”</p>



<p><strong>Duração: </strong>23 min.</p>



<p><strong>Livros mencionados no episódio:</strong> “O rumor da língua”, Roland Barthes (WMF Martins Fontes); “Se eu fosse uma casa”, Carol Fernandes (Casa Tuya); “Os jovens e a leitura: uma nova perspectiva”, Michèle Petit (Editora 34); “Tantas palavras”, Caeto (Miolo Mole); “Redemoinho em dia quente”, Jarid Arraes (Alfaguara); “As cidades invisíveis”, Italo Calvino (Companhia das Letras).</p>



<div style="height:20px" aria-hidden="true" class="wp-block-spacer"></div>



<p><strong>Ficha técnica</strong></p>



<p>Roteiro e Apresentação: Adriana da Glória</p>



<p>Narração Vinhetas: Sandra Storino</p>



<p>Arte da Capa: Isabel Galvanese</p>



<p>Músicas de Abertura e Encerramento: Dado Magnelli</p>



<p>Orientação: Carolina Pezzoni</p>



<p>Edição de Som: Senhor A (Alexandre Gomes)</p>



<p>Idealização: Cristiane Tavares | Instituto Vera Cruz</p>
