{"id":282,"date":"2023-03-06T11:58:49","date_gmt":"2023-03-06T14:58:49","guid":{"rendered":"https:\/\/site.veracruz.edu.br\/blogdaposlcj\/?post_type=conversas&#038;p=282"},"modified":"2023-04-19T04:35:24","modified_gmt":"2023-04-19T07:35:24","slug":"apresentacao-do-curso-pos-graduacao-literatura-para-criancas-e-jovens-ead","status":"publish","type":"conversas","link":"https:\/\/site.veracruz.edu.br\/blogdaposlcj\/conversas\/apresentacao-do-curso-pos-graduacao-literatura-para-criancas-e-jovens-ead\/","title":{"rendered":"Apresenta\u00e7\u00e3o do curso p\u00f3s-gradua\u00e7\u00e3o Literatura para Crian\u00e7as e Jovens EAD"},"content":{"rendered":"","protected":false},"featured_media":446,"template":"","class_list":["post-282","conversas","type-conversas","status-publish","has-post-thumbnail","hentry"],"acf":[],"_links":{"self":[{"href":"https:\/\/site.veracruz.edu.br\/blogdaposlcj\/wp-json\/wp\/v2\/conversas\/282","targetHints":{"allow":["GET"]}}],"collection":[{"href":"https:\/\/site.veracruz.edu.br\/blogdaposlcj\/wp-json\/wp\/v2\/conversas"}],"about":[{"href":"https:\/\/site.veracruz.edu.br\/blogdaposlcj\/wp-json\/wp\/v2\/types\/conversas"}],"wp:featuredmedia":[{"embeddable":true,"href":"https:\/\/site.veracruz.edu.br\/blogdaposlcj\/wp-json\/wp\/v2\/media\/446"}],"wp:attachment":[{"href":"https:\/\/site.veracruz.edu.br\/blogdaposlcj\/wp-json\/wp\/v2\/media?parent=282"}],"curies":[{"name":"wp","href":"https:\/\/api.w.org\/{rel}","templated":true}]}}

Apresentação do curso pós-graduação Literatura para Crianças e Jovens EAD
