{"id":280,"date":"2023-03-06T09:57:56","date_gmt":"2023-03-06T12:57:56","guid":{"rendered":"https:\/\/site.veracruz.edu.br\/blogdaposlcj\/?post_type=conversas&#038;p=280"},"modified":"2023-04-19T04:35:55","modified_gmt":"2023-04-19T07:35:55","slug":"e-possivel-planejar-o-percurso-do-leitor-literario-na-escola","status":"publish","type":"conversas","link":"https:\/\/site.veracruz.edu.br\/blogdaposlcj\/conversas\/e-possivel-planejar-o-percurso-do-leitor-literario-na-escola\/","title":{"rendered":"\u00c9 poss\u00edvel planejar o percurso do leitor liter\u00e1rio na escola?"},"content":{"rendered":"","protected":false},"featured_media":447,"template":"","class_list":["post-280","conversas","type-conversas","status-publish","has-post-thumbnail","hentry"],"acf":[],"_links":{"self":[{"href":"https:\/\/site.veracruz.edu.br\/blogdaposlcj\/wp-json\/wp\/v2\/conversas\/280","targetHints":{"allow":["GET"]}}],"collection":[{"href":"https:\/\/site.veracruz.edu.br\/blogdaposlcj\/wp-json\/wp\/v2\/conversas"}],"about":[{"href":"https:\/\/site.veracruz.edu.br\/blogdaposlcj\/wp-json\/wp\/v2\/types\/conversas"}],"wp:featuredmedia":[{"embeddable":true,"href":"https:\/\/site.veracruz.edu.br\/blogdaposlcj\/wp-json\/wp\/v2\/media\/447"}],"wp:attachment":[{"href":"https:\/\/site.veracruz.edu.br\/blogdaposlcj\/wp-json\/wp\/v2\/media?parent=280"}],"curies":[{"name":"wp","href":"https:\/\/api.w.org\/{rel}","templated":true}]}}

É possível planejar o percurso do leitor literário na escola?
