{"id":1151,"date":"2023-06-26T14:26:00","date_gmt":"2023-06-26T17:26:00","guid":{"rendered":"https:\/\/site.veracruz.edu.br\/blogdaposlcj\/?post_type=artigos&#038;p=1151"},"modified":"2023-06-29T20:00:35","modified_gmt":"2023-06-29T23:00:35","slug":"representacoes-da-infancia-em-ondjaki-um-estudo-comparativo-dos-livros-a-bicicleta-que-tinha-bigodes-e-uma-escuridao-bonita","status":"publish","type":"artigos","link":"https:\/\/site.veracruz.edu.br\/blogdaposlcj\/artigos\/representacoes-da-infancia-em-ondjaki-um-estudo-comparativo-dos-livros-a-bicicleta-que-tinha-bigodes-e-uma-escuridao-bonita\/","title":{"rendered":"Representa\u00e7\u00f5es da inf\u00e2ncia em Ondjaki: um estudo comparativo dos livros A bicicleta que tinha bigodes e Uma escurid\u00e3o bonita"},"content":{"rendered":"\n<p>Este artigo investiga as representa\u00e7\u00f5es da inf\u00e2ncia nas obras <em>A bicicleta que tinha bigodes e Uma escurid\u00e3o bonita<\/em>, do escritor angolano Ondjaki, a partir de um estudo comparativo que tem, como foco, a an\u00e1lise das suas vozes narrativas. Al\u00e9m disso, o trabalho busca investigar quais s\u00e3o as poss\u00edveis concep\u00e7\u00f5es de inf\u00e2ncia por tr\u00e1s dessas vozes a partir das imagens do escuro, da guerra e da poesia e como elas dialogam com temas transversais dos romances como fic\u00e7\u00e3o, poesia, hist\u00f3ria e mem\u00f3ria.<br>Palavras-chave: Inf\u00e2ncia. Fic\u00e7\u00e3o. Guerra. Mem\u00f3ria. Hist\u00f3ria<\/p>\n\n\n\n<p>Resumo do artigo apresentado em 2022 como trabalho de conclus\u00e3o de curso da p\u00f3s-gradua\u00e7\u00e3o em Literatura para Crian\u00e7as e Jovens, do Instituto Vera Cruz<br>Orientadoras: Geruza Zelnys e Gabriela Romeu<\/p>\n","protected":false},"featured_media":1163,"template":"","class_list":["post-1151","artigos","type-artigos","status-publish","has-post-thumbnail","hentry"],"acf":[],"_links":{"self":[{"href":"https:\/\/site.veracruz.edu.br\/blogdaposlcj\/wp-json\/wp\/v2\/artigos\/1151","targetHints":{"allow":["GET"]}}],"collection":[{"href":"https:\/\/site.veracruz.edu.br\/blogdaposlcj\/wp-json\/wp\/v2\/artigos"}],"about":[{"href":"https:\/\/site.veracruz.edu.br\/blogdaposlcj\/wp-json\/wp\/v2\/types\/artigos"}],"wp:featuredmedia":[{"embeddable":true,"href":"https:\/\/site.veracruz.edu.br\/blogdaposlcj\/wp-json\/wp\/v2\/media\/1163"}],"wp:attachment":[{"href":"https:\/\/site.veracruz.edu.br\/blogdaposlcj\/wp-json\/wp\/v2\/media?parent=1151"}],"curies":[{"name":"wp","href":"https:\/\/api.w.org\/{rel}","templated":true}]}}

Representações da infância em Ondjaki: um estudo comparativo dos livros A bicicleta que tinha bigodes e Uma escuridão bonita

<p>Este artigo investiga as representações da infância nas obras <em>A bicicleta que tinha bigodes e Uma escuridão bonita</em>, do escritor angolano Ondjaki, a partir de um estudo comparativo que tem, como foco, a análise das suas vozes narrativas. Além disso, o trabalho busca investigar quais são as possíveis concepções de infância por trás dessas vozes a partir das imagens do escuro, da guerra e da poesia e como elas dialogam com temas transversais dos romances como ficção, poesia, história e memória.<br>Palavras-chave: Infância. Ficção. Guerra. Memória. História</p>



<p>Resumo do artigo apresentado em 2022 como trabalho de conclusão de curso da pós-graduação em Literatura para Crianças e Jovens, do Instituto Vera Cruz<br>Orientadoras: Geruza Zelnys e Gabriela Romeu</p>
